 is divided by 17.
6
What is the remainder when 718 is divided by 4?
2
Calculate the remainder when 34 is divided by 12.
10
Calculate the remainder when 931 is divided by 913.
18
What is the remainder when 853 is divided by 16?
5
What is the remainder when 4465 is divided by 263?
257
Calculate the remainder when 73 is divided by 15.
13
What is the remainder when 86 is divided by 10?
6
What is the remainder when 33 is divided by 18?
15
Calculate the remainder when 1006 is divided by 1006.
0
Calculate the remainder when 83 is divided by 40.
3
Calculate the remainder when 16549 is divided by 10.
9
What is the remainder when 1699 is divided by 23?
20
Calculate the remainder when 55 is divided by 53.
2
Calculate the remainder when 47486 is divided by 112.
110
Calculate the remainder when 104 is divided by 5.
4
Calculate the remainder when 503 is divided by 159.
26
Calculate the remainder when 84 is divided by 41.
2
Calculate the remainder when 242 is divided by 37.
20
What is the remainder when 1909 is divided by 87?
82
What is the remainder when 519 is divided by 123?
27
Calculate the remainder when 3 is divided by 3.
0
Calculate the remainder when 238 is divided by 84.
70
Calculate the remainder when 356 is divided by 36.
32
Calculate the remainder when 247 is divided by 5.
2
What is the remainder when 4792 is divided by 240?
232
Calculate the remainder when 14 is divided by 1.
0
Calculate the remainder when 638 is divided by 20.
18
What is the remainder when 1336 is divided by 442?
10
Calculate the remainder when 1586 is divided by 8.
2
What is the remainder when 67 is divided by 12?
7
Calculate the remainder when 44 is divided by 28.
16
Calculate the remainder when 428 is divided by 87.
80
What is the remainder when 139 is divided by 97?
42
What is the remainder when 1960 is divided by 150?
10
What is the remainder when 957 is divided by 39?
21
Calculate the remainder when 2813 is divided by 282.
275
Calculate the remainder when 153 is divided by 12.
9
What is the remainder when 114 is divided by 58?
56
Calculate the remainder when 3908 is divided by 13.
8
Calculate the remainder when 723 is divided by 92.
79
Calculate the remainder when 539 is divided by 115.
79
What is the remainder when 696 is divided by 149?
100
What is the remainder when 420 is divided by 52?
4
Calculate the remainder when 21317 is divided by 82.
79
Calculate the remainder when 549 is divided by 55.
54
What is the remainder when 19277 is divided by 357?
356
What is the remainder when 9963 is divided by 22?
19
What is the remainder when 394 is divided by 25?
19
What is the remainder when 265 is divided by 35?
20
What is the remainder when 136 is divided by 22?
4
Calculate the remainder when 1154 is divided by 68.
66
Calculate the remainder when 140 is divided by 55.
30
Calculate the remainder when 180 is divided by 5.
0
Calculate the remainder when 1147 is divided by 28.
27
Calculate the remainder when 106 is divided by 60.
46
Calculate the remainder when 396 is divided by 64.
12
Calculate the remainder when 486 is divided by 192.
102
What is the remainder when 119 is divided by 86?
33
Calculate the remainder when 170 is divided by 19.
18
Calculate the remainder when 32 is divided by 8.
0
Calculate the remainder when 140 is divided by 73.
67
Calculate the remainder when 402 is divided by 53.
31
What is the remainder when 87 is divided by 34?
19
Calculate the remainder when 364 is divided by 115.
19
Calculate the remainder when 857 is divided by 122.
3
Calculate the remainder when 288 is divided by 46.
12
What is the remainder when 27254 is divided by 115?
114
Calculate the remainder when 1208 is divided by 5.
3
What is the remainder when 57 is divided by 12?
9
What is the remainder when 163 is divided by 61?
41
What is the remainder when 16 is divided by 10?
6
What is the remainder when 4526 is divided by 903?
11
Calculate the remainder when 916 is divided by 34.
32
Calculate the remainder when 34 is divided by 7.
6
Calculate the remainder when 320 is divided by 54.
50
Calculate the remainder when 4104 is divided by 37.
34
What is the remainder when 609 is divided by 90?
69
What is the remainder when 52 is divided by 20?
12
What is the remainder when 2190 is divided by 64?
14
What is the remainder when 190 is divided by 22?
14
Calculate the remainder when 92 is divided by 90.
2
What is the remainder when 1047 is divided by 420?
207
What is the remainder when 106 is divided by 51?
4
What is the remainder when 5048 is divided by 38?
32
Calculate the remainder when 837 is divided by 37.
23
Calculate the remainder when 1754 is divided by 439.
437
Calculate the remainder when 111 is divided by 7.
6
Calculate the remainder when 377 is divided by 9.
8
What is the remainder when 19527 is divided by 93?
90
What is the remainder when 30526 is divided by 144?
142
What is the remainder when 1006 is divided by 64?
46
What is the remainder when 2052 is divided by 10?
2
Calculate the remainder when 403 is divided by 45.
43
Calculate the remainder when 39 is divided by 37.
2
Calculate the remainder when 986 is divided by 325.
11
Calculate the remainder when 84 is divided by 21.
0
What is the remainder when 99 is divided by 27?
18
Calculate the remainder when 1742 is divided by 109.
107
What is the remainder when 491 is divided by 9?
5
What is the remainder when 284 is divided by 74?
62
What is the remainder when 209 is divided by 71?
67
Calculate the remainder when 1190 is divided by 295.
10
What is the remainder when 532 is divided by 22?
4
What is the remainder when 213 is divided by 56?
45
Calculate the remainder when 64 is divided by 62.
2
Calculate the remainder when 5183 is divided by 24.
23
Calculate the remainder when 593 is divided by 59.
3
What is the remainder when 86 is divided by 45?
41
Calculate the remainder when 1047 is divided by 267.
246
What is the remainder when 92 is divided by 32?
28
What is the remainder when 99 is divided by 21?
15
What is the remainder when 1019 is divided by 113?
2
Calculate the remainder when 22 is divided by 8.
6
What is the remainder when 414 is divided by 202?
10
What is the remainder when 540 is divided by 91?
85
Calculate the remainder when 620 is divided by 36.
8
What is the remainder when 87 is divided by 77?
10
Calculate the remainder when 329 is divided by 48.
41
Calculate the remainder when 224 is divided by 30.
14
Calculate the remainder when 89 is divided by 52.
37
What is the remainder when 15 is divided by 3?
0
Calculate the remainder when 322 is divided by 111.
100
What is the remainder when 1520 is divided by 67?
46
What is the remainder when 176 is divided by 82?
12
What is the remainder when 32 is divided by 20?
12
Calculate the remainder when 74 is divided by 46.
28
What is the remainder when 933 is divided by 23?
13
What is the remainder when 352 is divided by 5?
2
Calculate the remainder when 534 is divided by 266.
2
Calculate the remainder when 262 is divided by 57.
34
Calculate the remainder when 370 is divided by 67.
35
Calculate the remainder when 182 is divided by 17.
12
Calculate the remainder when 1470 is divided by 46.
44
Calculate the remainder when 149 is divided by 8.
5
What is the remainder when 256 is divided by 5?
1
What is the remainder when 919 is divided by 132?
127
Calculate the remainder when 68 is divided by 30.
8
Calculate the remainder when 61 is divided by 19.
4
What is the remainder when 3445 is divided by 29?
23
Calculate the remainder when 267 is divided by 45.
42
Calculate the remainder when 1550 is divided by 24.
14
Calculate the remainder when 1259 is divided by 10.
9
Calculate the remainder when 95 is divided by 24.
23
What is the remainder when 1489 is divided by 146?
29
Calculate the remainder when 122 is divided by 9.
5
What is the remainder when 172 is divided by 49?
25
Calculate the remainder when 217 is divided by 125.
92
Calculate the remainder when 264 is divided by 57.
36
What is the remainder when 458 is divided by 5?
3
What is the remainder when 11381 is divided by 14?
13
What is the remainder when 37 is divided by 4?
1
Calculate the remainder when 2563 is divided by 234.
223
What is the remainder when 59 is divided by 5?
4
What is the remainder when 788 is divided by 44?
40
Calcu